{"id":12,"date":"2016-07-26T11:22:56","date_gmt":"2016-07-26T10:22:56","guid":{"rendered":"http:\/\/pfmdebretagne.com\/?page_id=12"},"modified":"2016-11-23T17:25:56","modified_gmt":"2016-11-23T16:25:56","slug":"engagements","status":"publish","type":"page","link":"https:\/\/pfmbrestoise.com\/?page_id=12","title":{"rendered":"Engagements"},"content":{"rendered":"<h4><\/h4>\n<h4><\/h4>\n<h4><\/h4>\n<p>&nbsp;<\/p>\n<h4 style=\"text-align: justify;\">La disparition d\u2019un proche n\u2019est jamais une \u00e9preuve facile, mais c\u2019est une r\u00e9alit\u00e9 \u00e0 laquelle chacun de nous doit se pr\u00e9parer.<\/h4>\n<h4 style=\"text-align: justify;\">La mort ne fait aucune diff\u00e9rence entre le grand, le petit, le riche ou le pauvre,elle est donc une r\u00e9alit\u00e9 qui touche chaque \u00eatre vivant sur cette plan\u00e8te.<\/h4>\n<h4 style=\"text-align: justify;\">C\u2019est pour cela que nous sommes l\u00e0 pour vous guider, vous expliquer les d\u00e9marches et vous accompagner dans chaque \u00e9tape de l\u2019organisation des obs\u00e8ques.<\/h4>\n<h4 style=\"text-align: justify;\">Notre \u00e9quipe, poss\u00e8de l\u2019exp\u00e9rience requise pour mener \u00e0 bien toutes les d\u00e9marches ainsi que les \u00e9tapes d\u2019organisation des fun\u00e9railles.<\/h4>\n<h4 style=\"text-align: justify;\">Notre objectif est de toujours offrir des prestations de qualit\u00e9 \u00e0 un moindre co\u00fbt, afin d&rsquo;instaurer une relation de confiance et de proximit\u00e9 avec nos clients.<\/h4>\n<h4 style=\"text-align: justify;\">En v\u00e9ritables professionnels, nous vouons une attention particuli\u00e8re \u00e0 r\u00e9pondre \u00e0 chacune de vos exigences.<\/h4>\n","protected":false},"excerpt":{"rendered":"<p>&nbsp; La disparition d\u2019un proche n\u2019est jamais une \u00e9preuve facile, <a class=\"more-link\" href=\"https:\/\/pfmbrestoise.com\/?page_id=12\">Lire plus &#8230;<\/a><\/p>\n","protected":false},"author":1,"featured_media":146,"parent":0,"menu_order":0,"comment_status":"closed","ping_status":"closed","template":"","meta":{"spay_email":""},"jetpack_sharing_enabled":true,"jetpack_shortlink":"https:\/\/wp.me\/P7N8RK-c","_links":{"self":[{"href":"https:\/\/pfmbrestoise.com\/index.php?rest_route=\/wp\/v2\/pages\/12"}],"collection":[{"href":"https:\/\/pfmbrestoise.com\/index.php?rest_route=\/wp\/v2\/pages"}],"about":[{"href":"https:\/\/pfmbrestoise.com\/index.php?rest_route=\/wp\/v2\/types\/page"}],"author":[{"embeddable":true,"href":"https:\/\/pfmbrestoise.com\/index.php?rest_route=\/wp\/v2\/users\/1"}],"replies":[{"embeddable":true,"href":"https:\/\/pfmbrestoise.com\/index.php?rest_route=%2Fwp%2Fv2%2Fcomments&post=12"}],"version-history":[{"count":15,"href":"https:\/\/pfmbrestoise.com\/index.php?rest_route=\/wp\/v2\/pages\/12\/revisions"}],"predecessor-version":[{"id":178,"href":"https:\/\/pfmbrestoise.com\/index.php?rest_route=\/wp\/v2\/pages\/12\/revisions\/178"}],"wp:featuredmedia":[{"embeddable":true,"href":"https:\/\/pfmbrestoise.com\/index.php?rest_route=\/wp\/v2\/media\/146"}],"wp:attachment":[{"href":"https:\/\/pfmbrestoise.com\/index.php?rest_route=%2Fwp%2Fv2%2Fmedia&parent=12"}],"curies":[{"name":"wp","href":"https:\/\/api.w.org\/{rel}","templated":true}]}}